{"id":16,"date":"2023-09-28T04:43:39","date_gmt":"2023-09-28T04:43:39","guid":{"rendered":"https:\/\/immujernogales.org.mx\/portal\/?page_id=16"},"modified":"2024-08-15T17:42:03","modified_gmt":"2024-08-15T17:42:03","slug":"principal","status":"publish","type":"page","link":"https:\/\/immujernogales.org.mx\/portal\/","title":{"rendered":"Principal"},"content":{"rendered":"\t\t<div data-elementor-type=\"wp-page\" data-elementor-id=\"16\" class=\"elementor elementor-16\" data-elementor-post-type=\"page\">\n\t\t\t\t<div class=\"elementor-element elementor-element-50fcdf3 e-con-full e-flex e-con e-parent\" data-id=\"50fcdf3\" data-element_type=\"container\">\n\t\t\t\t<div class=\"elementor-element elementor-element-bcefedc elementor-widget elementor-widget-slider_revolution\" data-id=\"bcefedc\" data-element_type=\"widget\" data-widget_type=\"slider_revolution.default\">\n\t\t\t\t<div class=\"elementor-widget-container\">\n\t\t\t\r\n\t\t<div class=\"wp-block-themepunch-revslider\">\n\t\t\t<!-- START Slider Principal REVOLUTION SLIDER 6.6.15 --><p class=\"rs-p-wp-fix\"><\/p>\n\t\t\t<rs-module-wrap id=\"rev_slider_1_1_wrapper\" data-source=\"gallery\" style=\"visibility:hidden;background:transparent;padding:0;\">\n\t\t\t\t<rs-module id=\"rev_slider_1_1\" style=\"\" data-version=\"6.6.15\">\n\t\t\t\t\t<rs-slides style=\"overflow: hidden; position: absolute;\">\n\t\t\t\t\t\t<rs-slide style=\"position: absolute;\" data-key=\"rs-1\" data-title=\"Slide\" data-in=\"o:0;\" data-out=\"a:false;\">\n\t\t\t\t\t\t\t<img fetchpriority=\"high\" decoding=\"async\" src=\"\/\/immujernogales.org.mx\/portal\/wp-content\/plugins\/revslider\/public\/assets\/assets\/dummy.png\" alt=\"\" title=\"Video-Salida-Rev-01-Comp_1.jpeg\" width=\"1920\" height=\"1080\" class=\"rev-slidebg tp-rs-img rs-lazyload\" data-lazyload=\"\/\/immujernogales.org.mx\/portal\/wp-content\/uploads\/revslider\/video-media\/Video-Salida-Rev-01-Comp_1.jpeg\" data-no-retina>\n\t\t\t\t\t\t\t<rs-bgvideo \n\t\t\t\t\t\t\t\tdata-video=\"w:100%;h:100%;nse:false;l:true;ptimer:false;vfc:true;\"\n\t\t\t\t\t\t\t\tdata-mp4=\"\/\/immujernogales.org.mx\/portal\/wp-content\/uploads\/2023\/09\/Video-Salida-Rev-01-Comp.mp4\"\n\t\t\t\t\t\t\t><\/rs-bgvideo>\n<!--\n\t\t\t\t\t\t\t--><rs-layer\n\t\t\t\t\t\t\t\tid=\"slider-1-slide-1-layer-0\" \n\t\t\t\t\t\t\t\tclass=\"tp-shape tp-shapewrapper tp-lottie\"\n\t\t\t\t\t\t\t\tdata-type=\"shape\"\n\t\t\t\t\t\t\t\tdata-rsp_ch=\"on\"\n\t\t\t\t\t\t\t\tdata-xy=\"x:c;y:b;\"\n\t\t\t\t\t\t\t\tdata-text=\"w:normal;s:20,20,20,7;l:0,0,0,9;\"\n\t\t\t\t\t\t\t\tdata-dim=\"w:569px,569px,569px,372px;h:215px,215px,215px,156px;\"\n\t\t\t\t\t\t\t\tdata-frame_999=\"o:0;st:w;\"\n\t\t\t\t\t\t\t\tdata-lottie='{\"jsonUrl\":\"https:\\\/\\\/immujernogales.org.mx\\\/portal\\\/wp-content\\\/uploads\\\/revslider\\\/lottie\\\/objects\\\/lottiecustoms\\\/Logotipo IMMUJER Nogales.json\",\"duration\":27267,\"autoplay\":true,\"respectTlStart\":false,\"endlessLoop\":false,\"reverse\":false,\"repeat\":-1,\"type\":\"svg\",\"size\":\"contain\",\"progressiveLoad\":false,\"hideTransparent\":false,\"interType\":\"disabled\",\"lerp\":0,\"easeType\":\"default\",\"continuePlaying\":false,\"scrollActions\":false,\"scrollLerp\":0.1000000000000000055511151231257827021181583404541015625,\"editorEnabled\":false}' \n\t\t\t\t\t\t\t\tstyle=\"z-index:5;\"\n\t\t\t\t\t\t\t> \n\t\t\t\t\t\t\t<\/rs-layer><!--\n-->\t\t\t\t\t\t<\/rs-slide>\n\t\t\t\t\t<\/rs-slides>\n\t\t\t\t<\/rs-module>\n\t\t\t\t<script>\n\t\t\t\t\tsetREVStartSize({c: 'rev_slider_1_1',rl:[1240,1240,1240,480],el:[900,900,900,719.997],gw:[1240,1240,1240,480],gh:[900,900,900,720],type:'hero',justify:'',layout:'fullscreen',offsetContainer:'',offset:'',mh:\"0\"});if (window.RS_MODULES!==undefined && window.RS_MODULES.modules!==undefined && window.RS_MODULES.modules[\"revslider11\"]!==undefined) {window.RS_MODULES.modules[\"revslider11\"].once = false;window.revapi1 = undefined;if (window.RS_MODULES.checkMinimal!==undefined) window.RS_MODULES.checkMinimal()}\n\t\t\t\t<\/script>\n\t\t\t<\/rs-module-wrap>\n\t\t\t<!-- END REVOLUTION SLIDER -->\n<\/div>\r\n\r\n\t\t\t\t<\/div>\n\t\t\t\t<\/div>\n\t\t\t\t<\/div>\n\t\t<div class=\"elementor-element elementor-element-bc5a05b e-flex e-con-boxed e-con e-parent\" data-id=\"bc5a05b\" data-element_type=\"container\" data-settings=\"{&quot;background_background&quot;:&quot;classic&quot;}\">\n\t\t\t\t\t<div class=\"e-con-inner\">\n\t\t<div class=\"elementor-element elementor-element-b4f8a5e e-con-full e-flex e-con e-child\" data-id=\"b4f8a5e\" data-element_type=\"container\">\n\t\t\t\t<div class=\"elementor-element elementor-element-f623345 elementor-widget elementor-widget-image\" data-id=\"f623345\" data-element_type=\"widget\" data-widget_type=\"image.default\">\n\t\t\t\t<div class=\"elementor-widget-container\">\n\t\t\t\t\t\t\t\t\t\t\t\t\t<img decoding=\"async\" width=\"671\" height=\"720\" src=\"https:\/\/immujernogales.org.mx\/portal\/wp-content\/uploads\/2024\/06\/Mujeres.png\" class=\"attachment-large size-large wp-image-259\" alt=\"\" srcset=\"https:\/\/immujernogales.org.mx\/portal\/wp-content\/uploads\/2024\/06\/Mujeres.png 671w, https:\/\/immujernogales.org.mx\/portal\/wp-content\/uploads\/2024\/06\/Mujeres-280x300.png 280w\" sizes=\"(max-width: 671px) 100vw, 671px\" \/>\t\t\t\t\t\t\t\t\t\t\t\t\t<\/div>\n\t\t\t\t<\/div>\n\t\t\t\t<\/div>\n\t\t<div class=\"elementor-element elementor-element-25291ab e-con-full e-flex e-con e-child\" data-id=\"25291ab\" data-element_type=\"container\">\n\t\t\t\t<div class=\"elementor-element elementor-element-b0f219a elementor-widget elementor-widget-heading\" data-id=\"b0f219a\" data-element_type=\"widget\" data-widget_type=\"heading.default\">\n\t\t\t\t<div class=\"elementor-widget-container\">\n\t\t\t<h2 class=\"elementor-heading-title elementor-size-default\">Nos inspiramos juntas, Contamos todas<\/h2>\t\t<\/div>\n\t\t\t\t<\/div>\n\t\t\t\t<div class=\"elementor-element elementor-element-b2c84dc elementor-widget elementor-widget-text-editor\" data-id=\"b2c84dc\" data-element_type=\"widget\" data-widget_type=\"text-editor.default\">\n\t\t\t\t<div class=\"elementor-widget-container\">\n\t\t\t\t\t\t\t<p>Somos una instituci\u00f3n comprometida con la promoci\u00f3n y defensa de los derechos de las mujeres en nuestra hermosa ciudad. Nuestra misi\u00f3n es trabajar incansablemente para construir un mundo donde todas las mujeres vivan libres de violencia, discriminaci\u00f3n y desigualdad.<\/p>\n<p>En IMMUJER, nos esforzamos por empoderar a las mujeres, brindarles apoyo integral y promover la igualdad de g\u00e9nero en todas las esferas de la vida. Creemos en un futuro en el que cada mujer pueda alcanzar su m\u00e1ximo potencial y contribuir plenamente a la sociedad.<\/p>\n<p>Te invitamos a conocer nuestras iniciativas, servicios y recursos dise\u00f1ados para mejorar la vida de las mujeres. Juntos, trabajaremos para crear un entorno m\u00e1s justo y equitativo para todas.<\/p>\n<p>Gracias por visitarnos y ser parte de nuestro compromiso con el progreso y la igualdad. \u00a1\u00danete a nosotros en esta importante misi\u00f3n!<\/p>\t\t\t\t\t\t<\/div>\n\t\t\t\t<\/div>\n\t\t\t\t<\/div>\n\t\t\t\t\t<\/div>\n\t\t\t\t<\/div>\n\t\t<div class=\"elementor-element elementor-element-7a6bfce e-flex e-con-boxed e-con e-parent\" data-id=\"7a6bfce\" data-element_type=\"container\">\n\t\t\t\t\t<div class=\"e-con-inner\">\n\t\t<div class=\"elementor-element elementor-element-c97cfca e-con-full e-flex e-con e-child\" data-id=\"c97cfca\" data-element_type=\"container\">\n\t\t\t\t<div class=\"elementor-element elementor-element-3efe514 elementor-widget elementor-widget-facebook-page\" data-id=\"3efe514\" data-element_type=\"widget\" data-widget_type=\"facebook-page.default\">\n\t\t\t\t<div class=\"elementor-widget-container\">\n\t\t\t<div class=\"elementor-facebook-widget fb-page\" data-href=\"https:\/\/www.facebook.com\/profile.php?id=100066713779155\" data-tabs=\"timeline\" data-height=\"600px\" data-width=\"500px\" data-small-header=\"true\" data-hide-cover=\"false\" data-show-facepile=\"true\" data-hide-cta=\"false\" style=\"min-height: 1px;height:600px\"><\/div>\t\t<\/div>\n\t\t\t\t<\/div>\n\t\t\t\t<\/div>\n\t\t<div class=\"elementor-element elementor-element-a4e18e0 e-con-full e-flex e-con e-child\" data-id=\"a4e18e0\" data-element_type=\"container\">\n\t\t\t\t<div class=\"elementor-element elementor-element-f85e1ff elementor-widget elementor-widget-heading\" data-id=\"f85e1ff\" data-element_type=\"widget\" data-widget_type=\"heading.default\">\n\t\t\t\t<div class=\"elementor-widget-container\">\n\t\t\t<h2 class=\"elementor-heading-title elementor-size-default\">S\u00edguenos en<\/h2>\t\t<\/div>\n\t\t\t\t<\/div>\n\t\t\t\t<div class=\"elementor-element elementor-element-32a067f elementor-widget elementor-widget-heading\" data-id=\"32a067f\" data-element_type=\"widget\" data-widget_type=\"heading.default\">\n\t\t\t\t<div class=\"elementor-widget-container\">\n\t\t\t<h2 class=\"elementor-heading-title elementor-size-default\">Facebook<\/h2>\t\t<\/div>\n\t\t\t\t<\/div>\n\t\t\t\t<div class=\"elementor-element elementor-element-92b9385 elementor-widget elementor-widget-text-editor\" data-id=\"92b9385\" data-element_type=\"widget\" data-widget_type=\"text-editor.default\">\n\t\t\t\t<div class=\"elementor-widget-container\">\n\t\t\t\t\t\t\t<p>Mantente al tanto de los eventos, campa\u00f1as, y actividades del <strong>Instituto Municipal de las Mujeres<\/strong>. Tambi\u00e9n compartimos informaci\u00f3n importante sobre personas desaparecidas y otros temas relevantes para nuestra comunidad. \u00a1Con\u00e9ctate con nosotros y forma parte del cambio!<\/p>\t\t\t\t\t\t<\/div>\n\t\t\t\t<\/div>\n\t\t\t\t<div class=\"elementor-element elementor-element-f27e6ca elementor-widget elementor-widget-image\" data-id=\"f27e6ca\" data-element_type=\"widget\" data-widget_type=\"image.default\">\n\t\t\t\t<div class=\"elementor-widget-container\">\n\t\t\t\t\t\t\t\t\t\t\t\t\t<img decoding=\"async\" width=\"602\" height=\"880\" src=\"https:\/\/immujernogales.org.mx\/portal\/wp-content\/uploads\/2024\/08\/mujer-madura-cogidos-mano-delante-ella-sonriendo-blusa-floral-falda-negra-mirando-alegre-vista-frontal_1.png\" class=\"attachment-large size-large wp-image-282\" alt=\"\" srcset=\"https:\/\/immujernogales.org.mx\/portal\/wp-content\/uploads\/2024\/08\/mujer-madura-cogidos-mano-delante-ella-sonriendo-blusa-floral-falda-negra-mirando-alegre-vista-frontal_1.png 602w, https:\/\/immujernogales.org.mx\/portal\/wp-content\/uploads\/2024\/08\/mujer-madura-cogidos-mano-delante-ella-sonriendo-blusa-floral-falda-negra-mirando-alegre-vista-frontal_1-205x300.png 205w\" sizes=\"(max-width: 602px) 100vw, 602px\" \/>\t\t\t\t\t\t\t\t\t\t\t\t\t<\/div>\n\t\t\t\t<\/div>\n\t\t\t\t<\/div>\n\t\t\t\t\t<\/div>\n\t\t\t\t<\/div>\n\t\t\t\t<\/div>\n\t\t","protected":false},"excerpt":{"rendered":"<p>Nos inspiramos juntas, Contamos todas Somos una instituci\u00f3n comprometida con la promoci\u00f3n y defensa de los derechos de las mujeres en nuestra hermosa ciudad. Nuestra misi\u00f3n es trabajar incansablemente para construir un mundo donde todas las mujeres vivan libres de violencia, discriminaci\u00f3n y desigualdad. En IMMUJER, nos esforzamos por empoderar a las mujeres, brindarles apoyo [&hellip;]<\/p>\n","protected":false},"author":1,"featured_media":0,"parent":0,"menu_order":0,"comment_status":"closed","ping_status":"closed","template":"elementor_header_footer","meta":{"footnotes":""},"class_list":["post-16","page","type-page","status-publish","hentry"],"_links":{"self":[{"href":"https:\/\/immujernogales.org.mx\/portal\/index.php\/wp-json\/wp\/v2\/pages\/16","targetHints":{"allow":["GET"]}}],"collection":[{"href":"https:\/\/immujernogales.org.mx\/portal\/index.php\/wp-json\/wp\/v2\/pages"}],"about":[{"href":"https:\/\/immujernogales.org.mx\/portal\/index.php\/wp-json\/wp\/v2\/types\/page"}],"author":[{"embeddable":true,"href":"https:\/\/immujernogales.org.mx\/portal\/index.php\/wp-json\/wp\/v2\/users\/1"}],"replies":[{"embeddable":true,"href":"https:\/\/immujernogales.org.mx\/portal\/index.php\/wp-json\/wp\/v2\/comments?post=16"}],"version-history":[{"count":148,"href":"https:\/\/immujernogales.org.mx\/portal\/index.php\/wp-json\/wp\/v2\/pages\/16\/revisions"}],"predecessor-version":[{"id":291,"href":"https:\/\/immujernogales.org.mx\/portal\/index.php\/wp-json\/wp\/v2\/pages\/16\/revisions\/291"}],"wp:attachment":[{"href":"https:\/\/immujernogales.org.mx\/portal\/index.php\/wp-json\/wp\/v2\/media?parent=16"}],"curies":[{"name":"wp","href":"https:\/\/api.w.org\/{rel}","templated":true}]}}